86606733 a multiple of 49?
True
Does 108 divide 219224898?
False
Is 522448929 a multiple of 9?
True
Does 93 divide 9684646?
False
Does 32 divide 18037728?
True
Is 22 a factor of 158085862?
True
Is 6186720 a multiple of 32?
True
Is 2430 a factor of 222668190?
True
Does 14 divide 1924495?
False
Is 1749 a factor of 443249070?
True
Is 83765586 a multiple of 138?
True
Does 31 divide 16916576?
True
Does 17 divide 4804270?
False
Does 1890 divide 80383590?
True
Is 76133376 a multiple of 22?
True
Is 5 a factor of 688505131?
False
Is 7 a factor of 14311771?
False
Is 18 a factor of 87892452?
True
Does 16 divide 17549130?
False
Is 789 a factor of 1154211531?
True
Does 1498 divide 44658604?
False
Does 7 divide 3002253?
False
Is 54 a factor of 4711456638?
True
Is 360398079 a multiple of 3313?
True
Is 157730303 a multiple of 211?
False
Is 176 a factor of 1841653875?
False
Is 369 a factor of 1061244?
True
Does 21 divide 37675302?
True
Is 6 a factor of 171145052?
False
Does 374 divide 2568783?
False
Does 9 divide 10539666?
True
Does 41 divide 3667393459?
False
Does 32 divide 749853426?
False
Is 16 a factor of 24023072?
True
Does 691 divide 286387714?
True
Does 96 divide 1875762816?
True
Does 1116 divide 684603504?
True
Does 290 divide 133686520?
True
Is 427084186 a multiple of 30?
False
Is 251 a factor of 79106464?
False
Is 3652896315 a multiple of 717?
True
Is 98 a factor of 25567997?
False
Is 35 a factor of 807533825?
True
Is 3071968550 a multiple of 1450?
True
Is 66011799 a multiple of 27?
False
Does 1543 divide 346690498?
True
Does 70 divide 113435769?
False
Is 79 a factor of 778505026?
True
Does 20 divide 62206760?
True
Is 141084382 a multiple of 43?
False
Is 5085433920 a multiple of 14059?
False
Does 25 divide 34521675?
True
Is 88 a factor of 114408360?
True
Is 73718713 a multiple of 42?
False
Is 1322 a factor of 646854600?
True
Does 471 divide 3204213?
True
Is 5 a factor of 212644550?
True
Is 7882448556 a multiple of 28?
False
Is 333279253 a multiple of 3902?
False
Is 1339624062 a multiple of 13?
False
Is 1148 a factor of 525657720?
True
Is 16532472 a multiple of 66?
True
Is 55675197 a multiple of 352?
False
Is 463304166 a multiple of 118?
False
Does 235 divide 22036889?
False
Does 2432 divide 214302443?
False
Does 8 divide 297845147?
False
Is 3218 a factor of 128536049?
False
Is 2519317014 a multiple of 6?
True
Does 185 divide 622779521?
False
Is 8 a factor of 345489352?
True
Is 53 a factor of 6498118?
True
Is 1566723627 a multiple of 1737?
True
Does 6 divide 3287153495?
False
Does 26 divide 161591913?
False
Is 640 a factor of 13591878?
False
Does 42 divide 34326067?
False
Does 162 divide 2042364?
False
Does 10 divide 36212298?
False
Is 15 a factor of 17848128?
False
Is 18 a factor of 20516084?
False
Is 962786164 a multiple of 38?
True
Does 65 divide 51968951?
False
Is 524468520 a multiple of 45?
True
Is 2449980 a multiple of 60?
True
Is 140 a factor of 338311293?
False
Is 279658755 a multiple of 17?
True
Does 71 divide 23078408?
True
Does 122 divide 19969448?
True
Is 6 a factor of 22415298?
True
Is 420848819 a multiple of 38?
False
Is 4910550 a multiple of 12?
False
Does 69 divide 298673574?
False
Is 23 a factor of 90148500?
True
Does 872 divide 122052968?
True
Is 2462807205 a multiple of 177?
True
Is 1078484936 a multiple of 94?
True
Is 270 a factor of 1953284527?
False
Does 744 divide 32689872?
True
Is 129 a factor of 2869328235?
False
Does 16 divide 7231664?
True
Does 174 divide 150292937?
False
Does 262 divide 589465711?
False
Does 55 divide 932821133?
False
Does 199 divide 4767938112?
True
Is 267020384 a multiple of 886?
False
Does 122 divide 991552194?
True
Does 43 divide 333445693?
True
Does 28 divide 2850324369?
False
Does 18 divide 1077956082?
True
Does 227 divide 54571708?
True
Is 12170081 a multiple of 337?
True
Does 133 divide 16085798?
False
Is 19757186 a multiple of 1706?
True
Is 15 a factor of 3914965380?
True
Is 171 a factor of 137332209?
False
Does 6 divide 742614841?
False
Does 3 divide 2604108?
True
Is 246 a factor of 9384162?
True
Is 2573 a factor of 98857233?
True
Is 123 a factor of 942090210?
True
Does 561 divide 152256632?
False
Is 18 a factor of 9787662?
True
Is 121 a factor of 30338935?
True
Is 244 a factor of 1359568?
True
Is 14192864 a multiple of 7?
True
Is 93811815 a multiple of 15?
True
Is 238 a factor of 336365162?
True
Does 23 divide 4840350?
True
Does 70 divide 355239010?
True
Is 185390971 a multiple of 23?
True
Is 15 a factor of 1419236730?
True
Does 303 divide 682962?
True
Does 50 divide 150789530?
False
Is 38 a factor of 462290523?
False
Is 361281443 a multiple of 602?
False
Is 499013762 a multiple of 4434?
False
Does 1920 divide 52796160?
True
Does 652 divide 3386148308?
True
Is 46 a factor of 75392482?
True
Is 28103838 a multiple of 619?
True
Is 6335457 a multiple of 58?
False
Is 206458368 a multiple of 4?
True
Does 4 divide 19101768?
True
Is 54 a factor of 1645332956?
False
Does 29 divide 90518367?
True
Does 913 divide 2039531527?
True
Does 4040 divide 1842102640?
True
Is 20 a factor of 1758195181?
False
Does 42 divide 41206333?
False
Is 618305139 a multiple of 6?
False
Is 123669939 a multiple of 8?
False
Is 1925 a factor of 26819100?
True
Is 339 a factor of 110983071?
False
Is 1944012834 a multiple of 1053?
False
Is 5 a factor of 8655823?
False
Is 28 a factor of 335682648?
True
Does 36 divide 2119437640?
False
Is 43 a factor of 9308197?
False
Is 375094569 a multiple of 1492?
False
Does 133 divide 8529013?
False
Is 305276578 a multiple of 19?
False
Is 208 a factor of 8368079?
False
Does 519 divide 63464877?
True
Is 6 a factor of 105869280?
True
Does 176 divide 21265552?
True
Is 599 a factor of 1245205675?
False
Is 546595 a multiple of 97?
True
Is 2659401940 a multiple of 1415?
True
Is 135 a factor of 495851737?
False
Is 68 a factor of 1172667447?
False
Does 54 divide 6819552?
True
Is 3756 a factor of 49993783?
False
Does 4904 divide 209624357?
False
Does 607 divide 137056958?
True
Is 7628667437 a multiple of 37?
True
Is 37485127 a multiple of 2?
False
Does 145 divide 73168015?
True
Is 76 a factor of 107721868?
True
Does 43 divide 154638019?
True
Is 37 a factor of 32014652?
False
Does 918 divide 92981067?
False
Is 14 a factor of 280066346?
True
Is 772273484 a multiple of 391?
True
Is 343197491 a multiple of 559?
True
Is 27 a factor of 33469902?
True
Does 5763 divide 439327594?
False
Is 120712980 a multiple of 3406?
False
Is 12 a factor of 748398446?
False
Is 13 a factor of 1749185787?
False
Does 4444 divide 898559024?
True
Is 1101 a factor of 45077578?
False
Is 31 a factor of 68384512?
True
Is 70527296 a multiple of 112?
True
Is 100199247 a multiple of 71?
True
Is 99 a factor of 74968939?
False
Is 3949303 a multiple of 143?
False
Is 44647022 a multiple of 2083?
True
Is 21374035 a multiple of 2263?
True
Is 6 a factor of 5664696?
True
Is 31683861 a multiple of 2096?
False
Is 9808944 a multiple of 523?
False
Does 201 divide 42544064?
False
Is 1854 a factor of 625192902?
True
Is 16 a factor of 692647498?
False
Is 346827910 a multiple of 4499?
True
Is 168212577 a multiple of 1588?
False
Is 161 a factor of 478243038?
False
Is 71 a factor of 106407700?
True
Is 468854051 a multiple of 19?
True
Is 43 a factor of 3006833609?
True
Is 1866952691 a multiple of 29?
True
Does 28 divide 13669376?
True
Is 126 a factor of 2050503819?
False
Is 602 a factor of 30923536?
True
Does 3362 divide 35471347?
False
Is 616 a factor of 151265524?
False
Is 1672904368 a multiple of 16?
True
Does 119 divide 38671108?
False
Is 140 a factor of 2675573552?
False
Is 355859552 a multiple of 410?
False
Does 273 divide 245222796?
True
Does 369 divide 154646143?
False
Is 9387652 a multiple of 11?
False
Is 26 a factor of 3534186?
False
Does 90 divide 158920650?
True
Is 1013753531 a multiple of 57?
False
Is 6 a factor of 176178678?
True
Does 240 divide 14418720?
True
Is 3 a factor of 43068040?
False
Does 424 divide 8571160?
True
Is 2043945850 a multiple of 2950?
True
Is 102279289 a multiple of 618?
False
Is 292324351 a multiple of 308?
False
Is 136 a factor of 58498216?
False
Does 3711 divide 16494715?
False
Does 25 divide 92170200?
True
Is 1266 a factor of 97527576?
True
Does 1136 divide 75299824?
False
Is 6 a factor of 109682755?
False
Is 11621610 a